78592.
64
Calculate the highest common factor of 44202790 and 43330.
6190
Calculate the greatest common factor of 29 and 684782771.
29
Calculate the greatest common divisor of 13421016 and 3764997.
7731
What is the highest common factor of 212 and 26756732?
212
What is the greatest common factor of 30 and 19390515?
15
Calculate the greatest common factor of 412992 and 385344.
1728
What is the greatest common divisor of 1377500 and 29169940?
11020
Calculate the highest common factor of 22109932 and 31772.
676
What is the highest common factor of 79426 and 55719?
151
What is the highest common factor of 53 and 27479281?
53
What is the highest common divisor of 387 and 34381596?
129
Calculate the greatest common factor of 66216 and 17362.
2
Calculate the highest common factor of 154 and 17376590.
154
What is the greatest common factor of 1122 and 1660094931?
561
Calculate the greatest common divisor of 26252857 and 33468.
2789
What is the greatest common factor of 1700509 and 34117?
109
Calculate the highest common divisor of 40020295 and 7735.
595
What is the greatest common factor of 5959 and 677609?
101
Calculate the greatest common divisor of 48 and 2533164.
12
What is the greatest common factor of 193173 and 1634?
19
Calculate the highest common factor of 8314532 and 174.
58
What is the greatest common factor of 14432 and 591805808?
7216
Calculate the highest common factor of 967276967 and 47.
47
Calculate the highest common factor of 732 and 14217636.
732
What is the greatest common divisor of 48982848 and 349?
349
What is the highest common divisor of 13589 and 1647571?
127
Calculate the greatest common factor of 10717 and 10354153.
1531
What is the highest common factor of 20178 and 8771058?
1062
What is the greatest common factor of 1299752 and 19190?
38
Calculate the highest common divisor of 200990547 and 17019.
549
Calculate the greatest common factor of 1823285 and 3715.
5
Calculate the greatest common divisor of 369681741 and 693.
99
What is the highest common divisor of 5280 and 63466656?
1056
Calculate the greatest common factor of 1763982 and 295.
59
What is the highest common divisor of 8595 and 2395140?
2865
Calculate the greatest common factor of 3471 and 608361.
39
What is the greatest common factor of 168547764 and 7584?
948
Calculate the highest common factor of 4346 and 231504901.
2173
What is the highest common divisor of 171287 and 11461?
157
What is the greatest common factor of 2001 and 5021475?
69
What is the greatest common divisor of 105 and 148438017?
21
What is the greatest common divisor of 5263061361 and 453?
453
Calculate the highest common divisor of 15080 and 1045720.
520
Calculate the highest common divisor of 760833 and 405313.
101
What is the greatest common factor of 110450 and 36657650?
2350
Calculate the greatest common divisor of 213733 and 33046.
533
What is the greatest common factor of 145138140 and 70?
70
What is the highest common factor of 69 and 268276669?
23
Calculate the highest common divisor of 77384 and 340.
68
What is the greatest common factor of 36320 and 39936?
32
Calculate the highest common factor of 40 and 66379928.
8
Calculate the highest common factor of 12909 and 17277.
39
Calculate the greatest common factor of 1247972 and 872476.
11044
Calculate the greatest common factor of 204 and 11741475.
51
Calculate the greatest common factor of 37340 and 12640.
20
Calculate the highest common divisor of 3722645 and 11023085.
14485
What is the highest common factor of 6313876 and 276?
4
Calculate the highest common factor of 8710 and 48108010.
670
What is the highest common factor of 2449490 and 22829?
617
Calculate the highest common factor of 192 and 113848032.
96
What is the highest common divisor of 40 and 1849505?
5
What is the greatest common factor of 557125 and 1325?
25
Calculate the greatest common divisor of 1030907050 and 150.
50
Calculate the highest common divisor of 9517 and 6149005.
31
Calculate the greatest common divisor of 1298696 and 72.
8
Calculate the highest common divisor of 39907011 and 627.
57
Calculate the highest common divisor of 471 and 98307277.
157
Calculate the greatest common divisor of 14461079 and 201.
67
Calculate the highest common factor of 36160 and 13743060.
2260
Calculate the highest common factor of 354483 and 783.
27
Calculate the greatest common factor of 43 and 1255746028.
43
Calculate the highest common factor of 2622183683 and 6902.
3451
What is the highest common factor of 48224 and 20024?
8
Calculate the greatest common factor of 345 and 43691.
1
Calculate the highest common factor of 1090807176 and 5352.
5352
What is the highest common divisor of 53320 and 12324360?
1240
Calculate the greatest common factor of 312902 and 54.
2
What is the highest common factor of 21536382 and 31?
31
What is the highest common factor of 21177783 and 25773?
363
What is the greatest common factor of 2334 and 10131?
3
What is the greatest common divisor of 34371 and 10035059?
1273
Calculate the highest common divisor of 203 and 87782884.
203
What is the greatest common divisor of 372281 and 16289?
91
Calculate the highest common factor of 339177064 and 952.
136
Calculate the highest common factor of 14 and 15564101.
7
Calculate the greatest common factor of 19338 and 55492442.
586
What is the highest common factor of 283222242 and 36?
18
Calculate the greatest common divisor of 8 and 22303768.
8
What is the greatest common divisor of 111853995 and 35445?
2085
What is the greatest common divisor of 5544 and 18469836?
2772
What is the highest common factor of 241946 and 3097?
19
Calculate the greatest common divisor of 16460505 and 22797.
153
Calculate the highest common factor of 18998 and 90492902.
2714
Calculate the highest common divisor of 4751378 and 765914.
6778
What is the greatest common divisor of 10366 and 85271?
71
Calculate the highest common factor of 4468178 and 572.
286
What is the highest common factor of 3504 and 1537344?
48
Calculate the greatest common factor of 27754936 and 10244.
788
What is the greatest common factor of 494801827 and 13?
13
Calculate the greatest common divisor of 329254 and 520.
2
What is the highest common factor of 58 and 8716907?
29
What is the greatest common factor of 2079292338 and 13668?
6834
What is the highest common divisor of 29110 and 64616?
82
What is the greatest common factor of 55804893 and 3?
3
Calculate the highest common factor of 39 and 78241839.
39
Calculate the greatest common divisor of 340474 and 2386500.
3182
What is the highest common divisor of 12 and 208543876?
4
Calculate the highest common factor of 2642990 and 560.
70
What is the greatest common divisor of 11442 and 1605694?
3814
Calculate the highest common divisor of 3 and 16355658.
3
Calculate the greatest common divisor of 489408 and 448.
64
Calculate the greatest common divisor of 20605547 and 493.
17
Calculate the greatest common divisor of 35933 and 329.
1
Calculate the highest common divisor of 1089 and 24297768.
1089
What is the highest common divisor of 1013026 and 40523?
49
What is the greatest common divisor of 18522 and 4401?
27
Calculate the highest common divisor of 6244518 and 315.
21
Calculate the highest common factor of 706368 and 988.
52
What is the greatest common divisor of 313 and 188327718?
313
What is the greatest common divisor of 431965 and 1615?
95
Calculate the highest common divisor of 28 and 432052.
4
Calculate the highest common divisor of 39407 and 3336407.
157
Calculate the highest common factor of 370 and 25647845.
185
Calculate the highest common factor of 330210 and 203985.
135
What is the greatest common divisor of 1704 and 4320198?
6
Calculate the greatest common factor of 150 and 256920120.
30
Calculate the highest common factor of 28782 and 210951.
351
Calculate the highest common factor of 1649 and 5525508.
97
Calculate the greatest common factor of 167815509 and 6074.
3037
Calculate the greatest common divisor of 482048 and 1257844.
7532
Calculate the highest common factor of 512 and 15477848.
8
Calculate the highest common factor of 195488 and 1944.
8
What is the highest common factor of 21625164 and 22?
22
What is the highest common divisor of 46369520 and 160?
80
Calculate the greatest common